x(85).
180
Let u(r) = 7124*r - 327643. Determine u(46).
61
Let p(a) = a**2 + 7330*a - 21998. Determine p(3).
1
Let u(p) = -16*p**2 + 532*p - 2687. Determine u(27).
13
Let d(j) = -7*j**3 - 19*j**2 + 110*j - 45. Determine d(5).
-845
Let s(r) = 1276*r + 51859. Give s(-41).
-457
Let w(r) = -2*r**3 - 4*r**2 + 6308*r + 25187. Give w(-4).
19
Let i(u) = -2*u**2 + 116*u - 342. What is i(52)?
282
Let r(z) = -17*z**2 + 201*z + 27. What is r(13)?
-233
Let n(s) = -12468*s**2 + 249360*s - 15. Give n(20).
-15
Let z(h) = 449*h - 25431. Determine z(57).
162
Let c(t) = t**2 - 150*t + 4712. Determine c(107).
111
Let m(u) = u**3 + 113*u**2 + 1046*u + 984. What is m(-9)?
-6
Let c(i) = -i**3 + 9*i**2 - 1412*i + 9787. What is c(7)?
1
Let k(c) = -34*c**2 - 461*c - 161. What is k(-13)?
86
Let v(r) = -32219*r + 1159886. Calculate v(36).
2
Let n(d) = d**2 - 1210*d + 166834. Give n(159).
-275
Let k(u) = 2*u**2 + 3386*u - 20351. What is k(6)?
37
Let y(d) = -d**3 + 30*d**2 + 86*d + 1224. Calculate y(36).
-3456
Let n(s) = s**3 - 65*s**2 - 447*s + 1098. Calculate n(71).
-393
Let l(a) = -27778*a + 1583401. What is l(57)?
55
Let o(n) = -25*n**2 + 160*n - 46. Determine o(6).
14
Let r(i) = -28*i**2 - 2429*i + 3290. Calculate r(-88).
210
Let r(d) = -4447*d - 52885. Determine r(-12).
479
Let b(q) = 3*q**3 + 5*q**2 + 13*q + 2. Give b(6).
908
Let i(y) = y**3 + 93*y**2 - 155*y + 22599. Give i(-97).
-2
Let o(a) = -12*a + 5768. What is o(483)?
-28
Let z(f) = -2*f**3 - 725*f**2 - 6704*f + 1048. Calculate z(-353).
-11
Let q(x) = -54*x**2 + 265*x + 1286. Give q(-5).
-1389
Let o(l) = 908905*l + 88163784. Determine o(-97).
-1
Let c(z) = z**2 + 66*z - 7565. What is c(-105)?
-3470
Let y(h) = -14*h**3 - 2858*h**2 - 467*h - 12025. Give y(-204).
11
Let f(a) = 4*a**2 - 5049*a + 552350. Calculate f(121).
-15
Let v(b) = b**3 + 356*b**2 - 3942*b + 5921. Determine v(9).
8
Let h(v) = v**3 + 227*v**2 + 612*v - 13627. Calculate h(-224).
-187
Let b(p) = p**3 - 104*p**2 - 10446*p + 1084772. Give b(106).
-32
Let b(t) = -5*t**3 + 87*t**2 - 29*t + 26. What is b(17)?
111
Let n(y) = -163*y**2 + 129*y + 4. Calculate n(1).
-30
Let j(h) = -135*h + 9076. What is j(78)?
-1454
Let m(f) = 19*f**2 + 25*f + 8. Give m(5).
608
Let q(f) = -140542*f - 562272. Determine q(-4).
-104
Let g(n) = 1403*n - 2948. Give g(4).
2664
Let x(o) = -2709*o - 56. Give x(0).
-56
Let i(a) = 7105*a - 127261. Calculate i(18).
629
Let i(j) = 564*j - 130057. Determine i(231).
227
Let k(m) = -2*m**3 + 3*m**2 + 210*m - 58. Give k(11).
-47
Let t(q) = -q**3 + 390*q**2 - 8782*q - 732. Calculate t(366).
0
Let j(b) = -b**2 + 4108*b - 45229. Give j(11).
-162
Let w(o) = 1056*o + 154812. Determine w(-146).
636
Let h(k) = k**3 + 2621*k**2 + 7882*k + 81. What is h(-3)?
-3
Let t(h) = 476*h + 4279. Give t(-9).
-5
Let n(w) = 18*w**3 - 51*w**2 - 118*w + 288. What is n(2)?
-8
Let t(z) = -1701*z + 15177. Calculate t(9).
-132
Let c(d) = -5*d**2 + 6423*d + 19280. What is c(-3)?
-34
Let g(t) = -t**3 - 52*t**2 - 246*t + 1350. What is g(-46)?
-30
Let m(r) = r**3 + 156*r**2 + 5180*r - 422. Give m(-108).
10
Let x(r) = 9413046*r + 141195691. Determine x(-15).
1
Let r(o) = -1864*o + 134225. Determine r(72).
17
Let f(h) = 3789*h + 3607128. Calculate f(-952).
0
Let p(f) = 3*f**3 + 198*f**2 - 411*f + 5. Determine p(-68).
209
Let g(y) = -y**3 - 26*y**2 - 132*y - 3433. Calculate g(-26).
-1
Let q(m) = -385*m**2 - 33*m + 419. Determine q(0).
419
Let k(s) = -919*s - 14575. What is k(-16)?
129
Let z(c) = 45*c**3 + 2971*c**2 + 76*c + 693. Give z(-66).
33
Let d(h) = 42381*h + 127123. Calculate d(-3).
-20
Let f(m) = -20*m**3 - 290*m**2 - 135*m + 5. Determine f(-14).
-65
Let y(u) = 6*u**3 + 26*u**2 + 150*u + 1272. Calculate y(-8).
-1336
Let u(d) = -11411*d**2 - 136934*d - 20. Determine u(-12).
4
Let s(d) = 5*d + 1150. Calculate s(65).
1475
Let v(o) = o**2 - 2901*o - 43717. What is v(-15)?
23
Let g(z) = -z**2 + 357*z - 29978. Calculate g(137).
162
Let c(u) = 50077*u - 450596. Determine c(9).
97
Let k(s) = 84*s + 1233. What is k(-7)?
645
Let u(b) = b**3 - 6*b**2 - 84*b - 5. What is u(-7)?
-54
Let d(j) = -174341*j + 697335. What is d(4)?
-29
Let q(v) = 3608*v + 35140. Give q(-10).
-940
Let l(z) = -z**2 - 281*z + 429609. Calculate l(530).
-221
Let t(g) = 4*g**2 + 1559*g + 33383. Determine t(-367).
-14
Let w(s) = 2*s**3 - 24*s**2 - 122*s + 441. Give w(15).
-39
Let q(x) = 279*x**3 + 8*x**2 - 17*x + 8. Determine q(1).
278
Let y(q) = 7741*q - 61926. Give y(8).
2
Let d(j) = 1984176*j**2 - 19841760*j - 2. Determine d(10).
-2
Let r(v) = -3*v**2 + 160181*v + 1762350. Give r(-11).
-4
Let g(i) = -i**3 + 85*i**2 + 280*i - 578. Give g(88).
830
Let f(h) = 276*h - 900. Calculate f(3).
-72
Let u(b) = b**3 - 30*b**2 + 178*b + 50. Give u(8).
66
Let m(w) = -437134*w - 16173992. Determine m(-37).
-34
Let h(y) = -1845*y - 5114. What is h(-3)?
421
Let i(x) = 27*x + 625. Determine i(-53).
-806
Let j(b) = -b**3 - 163*b**2 - 477*b - 24896. Determine j(-161).
59
Let j(m) = 13872*m + 513331. What is j(-37)?
67
Let c(x) = 15*x**2 + 3194*x - 37195. What is c(-224)?
-11
Let d(t) = -t**3 + 4*t**2 + 22*t + 24. Determine d(-8).
616
Let o(s) = 692*s**2 - 3756*s + 1473. Give o(5).
-7
Let v(c) = 95*c**3 + 945*c**2 - 50*c - 10. What is v(-10)?
-10
Let c(z) = -10*z**2 + 1419*z - 34840. Determine c(32).
328
Let k(p) = -48*p**2 + 22268*p - 133646. Calculate k(6).
-1766
Let b(u) = -2*u**2 + 3723*u + 4362703. Give b(-815).
8
Let i(m) = 11*m**3 + 11*m**2 + 70*m + 35. Calculate i(-4).
-773
Let p(d) = -313*d**2 - 13131*d + 878. What is p(-42)?
248
Let f(m) = -m**3 - 5*m**2 - 7246*m - 14480. Give f(-2).
0
Let t(f) = 23898*f - 23809. Determine t(1).
89
Let u(j) = -19*j**3 + 13718*j**2 + 13734*j + 2179. Determine u(723).
10
Let b(m) = 239*m**2 - 12436*m + 432. Give b(52).
16
Let h(x) = -2*x**3 - 1419*x**2 + 3519*x - 29254. Calculate h(-712).
-62
Let o(n) = -3*n**3 - 99*n**2 - 931*n - 30288. Calculate o(-33).
435
Let z(v) = -49*v**3 - 44*v**2 - 136*v + 41. Calculate z(-3).
1376
Let b(o) = 5*o**2 - 275*o + 31. Determine b(52).
-749
Let w(z) = -1209*z**2 + 21760*z + 44. What is w(18)?
8
Let c(v) = -3*v**3 - 1118*v**2 - 749*v - 1863. Calculate c(-372).
-3
Let t(g) = g**3 - 94*g**2 - 3415*g + 359231. Calculate t(83).
7
Let o(r) = -14*r**2 - 3835*r + 274. What is o(-274)?
0
Let j(t) = -1678*t - 25476. Determine j(-16).
1372
Let y(u) = 2*u**2 - 1386*u + 31819. Give y(23).
999
Let k(a) = a**3 - 5*a**2 - 6273*a + 37573. What is k(6)?
-29
Let u(f) = 8*f**2 + 332*f - 7083. Determine u(19).
2113
Let j(q) = q**3 - 18*q**2 + 2333*q - 18574. Give j(8).
-550
Let m(f) = f**3 + 19*f**2 + 67*f + 3015. What is m(-24)?
-1473
Let v(r) = r**2 + 46*r - 93799. What is v(284)?
-79
Let q(j) = 2*j**3 + 249*j**2 - 358*j + 2839. Give q(-126).
319
Let a(p) = 383*p**2 - 1103*p - 105. What is a(3)?
33
Let r(m) = -m**3 + 22*m**2 - 46*m + 431. Give r(21).
-94
Let r(f) = -6*f**2 + 125*f - 213. Determine r(2).
13
Let u(l) = l**3 + 13*l**2 + l - 88. What is u(-6)?
158
Let f(t) = -4242*t + 772039. Calculate f(182).
-5
Let m(a) = -13334*a + 10027159. Calculate m(752).
-9
Let s(v) = -15*v**2 + 1385*v + 110. Determine s(90).
3260
Let t(x) = 18*x**2 - 1631*x - 4914. Calculate t(-3).
141
Let l(y) = 4539*y + 31740. What is l(-7)?
-33
Let o(i) = 2*i**3 + 661*i**2 - 4385*i - 411. Give o(-337).
937
Let n(g) = g**2 + 2738*g + 113264. Determine n(-42).
32
Let w(l) = 124*l**2 - 3181*l - 18. Give w(26).
1100
Let z(g) = 755*g - 18502. What is z(24)?
-382
Let s(l) = -l**2 - 18191*l + 6791855. Give s(366).
-7
Let z(x) = -7316*x - 65926. Calculate z(-9).
-82
Let g(z) = -186*z - 10951. Determine g(-65).
1139
Let k(y) = -y**3 - y**2 + 345*y - 2253. Give k(7).
-230
Let q(k) = -k**2 - 248*k - 10980. What is q(-192)?
-228
Let c(x) = 3*x**2 + 256*x - 20064. Give c(-135).
51
Let w(f) = -f**2 - 20378*f + 387550. Determine w(19).
7
Let u(q) = 5*q**2 - 6265*q + 50052. Determine u(8).
252
Let u(s) = s**2 + 269*s - 91819. Determine u(197).
-17
Let q(z) = 348*z - 8804. Give q(25).
-104
Let s(i) = 15*i**3 + 9*i**2 + 5*i + 197. What is s(0)?
197
Let f(y) = 432*y - 9281. Give f(19).
-1073
Let h(u) = 348*u - 11174. Give h(23).
-3170
Let j(b) = b**2 - 1344*b + 33982. Calculate j(26).
-286
Let s(o) = 278*o + 726. Give s(-4).
-386
Let h(g) = -7*g**2 + 366*g + 1021. Give h(55).
-24
Let b(r) = -12*r**3 + 8